{"id":22,"date":"2010-11-30T19:52:42","date_gmt":"2010-11-30T19:52:42","guid":{"rendered":"http:\/\/freiherr-vom-stein.de\/fbereich2\/"},"modified":"2018-11-16T15:16:26","modified_gmt":"2018-11-16T15:16:26","slug":"religion-ethik","status":"publish","type":"page","link":"https:\/\/freiherr-vom-stein.de\/fbereich2\/religion-ethik\/","title":{"rendered":"Religion"},"content":{"rendered":"<p>Die F\u00e4cher Evangelische und Katholische Religion werden von Jahrgansstufe 5 bis Q4 durchg\u00e4ngig unterrichtet. In der Regel besuchen die Sch\u00fclerinnen und Sch\u00fcler den Unterricht ihrer Konfession. Der Religionsunterricht ist jedoch prinzipiell offen f\u00fcr andere Weltanschauungen und Religionen.<\/p>\n<p>Auf der Grundlage des christlichen Welt- und Menschenbildes st\u00e4rkt \u201edas Fach [\u2026] Religion die Pers\u00f6nlichkeit, tr\u00e4gt zur Identit\u00e4tsfindung bei und erm\u00f6glicht gesellschaftliche, kulturelle und religi\u00f6se Orientierung\u201c (aus dem Kerncurriculum Evangelische Religion). Dabei praktizieren wir an unserer Schule einen offenen, pluralistischen, toleranten und respektvollen Zugang zu ethischen und religi\u00f6sen Fragen, tragen damit dem multikulturellen und multireligi\u00f6sen Umfeld der Freiherr-vom-Stein-Schule Rechnung und \u00f6ffnen uns zugleich dem st\u00e4dtischen Umfeld.<\/p>\n<p>Der Fachbereich Religion kooperiert mit der Jugendkirche Jona im Stadtteil Sachsenhausen, z.B. in Form von Projekttagen. Zus\u00e4tzlich werden j\u00e4hrlich in der E-Phase \u201eTage der Orientierung\u201c angeboten, die von Mitarbeiterinnen der Jugendkirche sowie Frau Markic-Mioc und Herrn Klein betreut werden. Hier k\u00f6nnen sich die Jugendlichen mit f\u00fcr sie relevanten (Lebens-)Themen auseinandersetzen, \u00fcber deren Auswahl sie selbst bestimmen k\u00f6nnen. Dieses Angebot richtet sich ausdr\u00fccklich an alle Sch\u00fclerinnen und Sch\u00fcler, unabh\u00e4ngig von ihrer religi\u00f6sen Orientierung.<\/p>\n<p>Religion ist au\u00dferdem ein beliebtes Pr\u00fcfungsfach im m\u00fcndlichen Abitur. Daher wird das Fach in der Q-Phase zum Teil dreist\u00fcndig unterrichtet. Voraussetzung f\u00fcr die Pr\u00fcfung in Religion ist allerdings, dass das jeweilige Fach durchg\u00e4ngig in der Oberstufe besucht wird, also z.B. nicht von Ethik in Religion oder umgekehrt gewechselt wurde.<\/p>\n","protected":false},"excerpt":{"rendered":"<p>Die F\u00e4cher Evangelische und Katholische Religion werden von Jahrgansstufe 5 bis Q4 durchg\u00e4ngig unterrichtet. In der Regel besuchen die Sch\u00fclerinnen und Sch\u00fcler den Unterricht ihrer Konfession. Der Religionsunterricht ist jedoch prinzipiell offen f\u00fcr andere Weltanschauungen und Religionen. Auf der Grundlage des christlichen Welt- und Menschenbildes st\u00e4rkt \u201edas Fach [\u2026] Religion die Pers\u00f6nlichkeit, tr\u00e4gt zur Identit\u00e4tsfindung [&hellip;]<\/p>\n","protected":false},"author":1,"featured_media":0,"parent":0,"menu_order":4,"comment_status":"closed","ping_status":"closed","template":"","meta":{"ngg_post_thumbnail":0,"footnotes":""},"class_list":["post-22","page","type-page","status-publish","hentry"],"_links":{"self":[{"href":"https:\/\/freiherr-vom-stein.de\/fbereich2\/wp-json\/wp\/v2\/pages\/22","targetHints":{"allow":["GET"]}}],"collection":[{"href":"https:\/\/freiherr-vom-stein.de\/fbereich2\/wp-json\/wp\/v2\/pages"}],"about":[{"href":"https:\/\/freiherr-vom-stein.de\/fbereich2\/wp-json\/wp\/v2\/types\/page"}],"author":[{"embeddable":true,"href":"https:\/\/freiherr-vom-stein.de\/fbereich2\/wp-json\/wp\/v2\/users\/1"}],"replies":[{"embeddable":true,"href":"https:\/\/freiherr-vom-stein.de\/fbereich2\/wp-json\/wp\/v2\/comments?post=22"}],"version-history":[{"count":6,"href":"https:\/\/freiherr-vom-stein.de\/fbereich2\/wp-json\/wp\/v2\/pages\/22\/revisions"}],"predecessor-version":[{"id":150,"href":"https:\/\/freiherr-vom-stein.de\/fbereich2\/wp-json\/wp\/v2\/pages\/22\/revisions\/150"}],"wp:attachment":[{"href":"https:\/\/freiherr-vom-stein.de\/fbereich2\/wp-json\/wp\/v2\/media?parent=22"}],"curies":[{"name":"wp","href":"https:\/\/api.w.org\/{rel}","templated":true}]}}

<p>Die Fächer Evangelische und Katholische Religion werden von Jahrgansstufe 5 bis Q4 durchgängig unterrichtet. In der Regel besuchen die Schülerinnen und Schüler den Unterricht ihrer Konfession. Der Religionsunterricht ist jedoch prinzipiell offen für andere Weltanschauungen und Religionen.</p>
<p>Auf der Grundlage des christlichen Welt- und Menschenbildes stärkt „das Fach […] Religion die Persönlichkeit, trägt zur Identitätsfindung bei und ermöglicht gesellschaftliche, kulturelle und religiöse Orientierung“ (aus dem Kerncurriculum Evangelische Religion). Dabei praktizieren wir an unserer Schule einen offenen, pluralistischen, toleranten und respektvollen Zugang zu ethischen und religiösen Fragen, tragen damit dem multikulturellen und multireligiösen Umfeld der Freiherr-vom-Stein-Schule Rechnung und öffnen uns zugleich dem städtischen Umfeld.</p>
<p>Der Fachbereich Religion kooperiert mit der Jugendkirche Jona im Stadtteil Sachsenhausen, z.B. in Form von Projekttagen. Zusätzlich werden jährlich in der E-Phase „Tage der Orientierung“ angeboten, die von Mitarbeiterinnen der Jugendkirche sowie Frau Markic-Mioc und Herrn Klein betreut werden. Hier können sich die Jugendlichen mit für sie relevanten (Lebens-)Themen auseinandersetzen, über deren Auswahl sie selbst bestimmen können. Dieses Angebot richtet sich ausdrücklich an alle Schülerinnen und Schüler, unabhängig von ihrer religiösen Orientierung.</p>
<p>Religion ist außerdem ein beliebtes Prüfungsfach im mündlichen Abitur. Daher wird das Fach in der Q-Phase zum Teil dreistündig unterrichtet. Voraussetzung für die Prüfung in Religion ist allerdings, dass das jeweilige Fach durchgängig in der Oberstufe besucht wird, also z.B. nicht von Ethik in Religion oder umgekehrt gewechselt wurde.</p>

<p>Die Fächer Evangelische und Katholische Religion werden von Jahrgansstufe 5 bis Q4 durchgängig unterrichtet. In der Regel besuchen die Schülerinnen und Schüler den Unterricht ihrer Konfession. Der Religionsunterricht ist jedoch prinzipiell offen für andere Weltanschauungen und Religionen. Auf der Grundlage des christlichen Welt- und Menschenbildes stärkt „das Fach […] Religion die Persönlichkeit, trägt zur Identitätsfindung [&hellip;]</p>
