{"id":1355,"date":"2023-08-04T07:42:30","date_gmt":"2023-08-04T07:42:30","guid":{"rendered":"https:\/\/freiherr-vom-stein.de\/fbereich3\/?page_id=1355"},"modified":"2023-08-04T08:48:22","modified_gmt":"2023-08-04T08:48:22","slug":"mint-wettbewerbskonzept","status":"publish","type":"page","link":"https:\/\/freiherr-vom-stein.de\/fbereich3\/mint-wettbewerbskonzept\/","title":{"rendered":"MINT-Wettbewerbskonzept"},"content":{"rendered":"<p>Der Fachbereich III &#8222;Mathematik, Informatik, Naturwissenschaften und Technik&#8220; hat \u00fcber die letzten zehn Jahre ein alle F\u00e4cher einbeziehendes Wettbewerbskonzept entwickelt und etabliert, welches die Teilnahme an ausgew\u00e4hlten landesweit, bundesweit und international ausgerichteten <a href=\"https:\/\/freiherr-vom-stein.de\/fbereich3\/wettbewerbe\/\">Sch\u00fclerwettbewerben<\/a> mit der Durchf\u00fchrung eigener, schulinterner Wettbewerbe (<a href=\"https:\/\/freiherr-vom-stein.de\/fbereich3\/2020\/03\/04\/mausefallenautorennen-2020\/\">Mausefallenwettbewerb<\/a> und <a href=\"https:\/\/freiherr-vom-stein.de\/fbereich3\/2023\/07\/14\/praesentationswettbewerb-saeuren-und-laugen-nicht-nur-aetzend\/\">Pr\u00e4sentationswettbewerb<\/a>) kombiniert. Ziel ist es, Freude an den MINT-F\u00e4chern zu vermitteln und interessierte und begabte Sch\u00fcler:innen auch hinsichtlich ihrer Pers\u00f6nlichkeitsentwicklung und Teamf\u00e4higkeit zu f\u00f6rdern.<\/p>\n<figure id=\"attachment_1362\" aria-describedby=\"caption-attachment-1362\" style=\"width: 229px\" class=\"wp-caption aligncenter\"><a href=\"http:\/\/freiherr-vom-stein.de\/fbereich3\/files\/2023\/08\/Tabelle_2021.png\"><img loading=\"lazy\" decoding=\"async\" class=\"wp-image-1362\" src=\"http:\/\/freiherr-vom-stein.de\/fbereich3\/files\/2023\/08\/Tabelle_2021-154x300.png\" alt=\"\" width=\"229\" height=\"446\" srcset=\"https:\/\/freiherr-vom-stein.de\/fbereich3\/files\/2023\/08\/Tabelle_2021-154x300.png 154w, https:\/\/freiherr-vom-stein.de\/fbereich3\/files\/2023\/08\/Tabelle_2021.png 434w\" sizes=\"auto, (max-width: 229px) 100vw, 229px\" \/><\/a><figcaption id=\"caption-attachment-1362\" class=\"wp-caption-text\">\u00dcbersicht der im Regelunterricht beworbenen bzw. durchgef\u00fchrten Wettbewerbe (07\/2021)<\/figcaption><\/figure>\n<p>Das Wettbewerbskonzept [1], [2] umfasst aktuell im Regelunterricht die in der tabellarischen \u00dcbersicht aufgef\u00fchrten<a href=\"https:\/\/freiherr-vom-stein.de\/fbereich3\/wettbewerbe\/\"> Wettbewerbe<\/a> &#8211; basierend auf entsprechenden Fachschaftsbeschl\u00fcssen. Im Portfolio sind freiwillige und verbindliche Teilnahmen sowie die Teilnahme einzelner Sch\u00fcler:innen bzw. Sch\u00fcler:innen-Teams enthalten. In jeder Jahrgangsstufe wird ein anderes Wettbewerbsformat verbindlich durchgef\u00fchrt, wodurch im Laufe der Sekundarstufe I alle F\u00e4cher einmal eingebunden sind. Im Rahmen des <a href=\"https:\/\/freiherr-vom-stein.de\/fbereich3\/arbeitsgemeinschaften\/\">Schwerpunktangebotes<\/a> und Wahlunterrichts besteht erg\u00e4nzend die M\u00f6glichkeit an Wettbewerben teilzunehmen, insbesondere basierend auf sich \u00fcber einen l\u00e4ngeren Zeitraum erstreckender, f\u00e4cher\u00fcbergreifender Projektarbeiten.<\/p>\n<p>Das Engagement von Sch\u00fclerinnen und Sch\u00fcler bei Sch\u00fclerwettbewerben wird (feierlich) gew\u00fcrdigt \u2013 je nach besonderem Erfolg im Klassenverband durch die Fach-\/Klassenlehrer:in oder durch den Schulleiter aber auch auf der <a href=\"https:\/\/freiherr-vom-stein.de\/fbereich3\/wettbewerbe\/\">Homepage<\/a> und durch Aush\u00e4nge im Schulgeb\u00e4ude.<\/p>\n<p><span style=\"color: #999999\">[1] \u201eSch\u00fclerwettbewerbe\u201c, Erlass des Hessischen Kultusministeriums vom 28. Juli 2015 (aktualisierte Fassung vom 5. M\u00e4rz 2021)<\/span><br \/>\n<span style=\"color: #999999\">[2] <a href=\"https:\/\/www.kmk.org\/fileadmin\/Dateien\/veroeffentlichungen_beschluesse\/2009\/Schuelerwettbewerbe-BS-17-09-2009.pdf\">Qualit\u00e4tskriterien f\u00fcr Sch\u00fclerwettbewerbe<\/a>, Beschluss der Kultusministerkonferenz vom 17.09.2009 <\/span><\/p>\n","protected":false},"excerpt":{"rendered":"<p>Der Fachbereich III &#8222;Mathematik, Informatik, Naturwissenschaften und Technik&#8220; hat \u00fcber die letzten zehn Jahre ein alle F\u00e4cher einbeziehendes Wettbewerbskonzept entwickelt und etabliert, welches die Teilnahme an ausgew\u00e4hlten landesweit, bundesweit und international ausgerichteten Sch\u00fclerwettbewerben mit der Durchf\u00fchrung eigener, schulinterner Wettbewerbe (Mausefallenwettbewerb und Pr\u00e4sentationswettbewerb) kombiniert. Ziel ist es, Freude an den MINT-F\u00e4chern zu vermitteln und interessierte und [&hellip;]<\/p>\n","protected":false},"author":24,"featured_media":0,"parent":0,"menu_order":0,"comment_status":"closed","ping_status":"closed","template":"","meta":{"ngg_post_thumbnail":0,"footnotes":""},"class_list":["post-1355","page","type-page","status-publish","hentry"],"_links":{"self":[{"href":"https:\/\/freiherr-vom-stein.de\/fbereich3\/wp-json\/wp\/v2\/pages\/1355","targetHints":{"allow":["GET"]}}],"collection":[{"href":"https:\/\/freiherr-vom-stein.de\/fbereich3\/wp-json\/wp\/v2\/pages"}],"about":[{"href":"https:\/\/freiherr-vom-stein.de\/fbereich3\/wp-json\/wp\/v2\/types\/page"}],"author":[{"embeddable":true,"href":"https:\/\/freiherr-vom-stein.de\/fbereich3\/wp-json\/wp\/v2\/users\/24"}],"replies":[{"embeddable":true,"href":"https:\/\/freiherr-vom-stein.de\/fbereich3\/wp-json\/wp\/v2\/comments?post=1355"}],"version-history":[{"count":14,"href":"https:\/\/freiherr-vom-stein.de\/fbereich3\/wp-json\/wp\/v2\/pages\/1355\/revisions"}],"predecessor-version":[{"id":1385,"href":"https:\/\/freiherr-vom-stein.de\/fbereich3\/wp-json\/wp\/v2\/pages\/1355\/revisions\/1385"}],"wp:attachment":[{"href":"https:\/\/freiherr-vom-stein.de\/fbereich3\/wp-json\/wp\/v2\/media?parent=1355"}],"curies":[{"name":"wp","href":"https:\/\/api.w.org\/{rel}","templated":true}]}}