{"id":639,"date":"2019-11-08T13:35:00","date_gmt":"2019-11-08T13:35:00","guid":{"rendered":"http:\/\/freiherr-vom-stein.de\/fbereich3\/?page_id=639"},"modified":"2024-09-06T11:45:45","modified_gmt":"2024-09-06T11:45:45","slug":"maker-club","status":"publish","type":"page","link":"https:\/\/freiherr-vom-stein.de\/fbereich3\/maker-club\/","title":{"rendered":"Maker Club"},"content":{"rendered":"<p>Im Maker Club haben Sch\u00fclerinnen und Sch\u00fcler aus den Klassen 6 und 7 die M\u00f6glichkeit, eigene Projekte z.B. auf den Gebieten der Holzbearbeitung, Elektronik oder Modedesign umzusetzen. Dabei lernen unsere Maker alle Grundtechniken wie z.B. S\u00e4gen, Feilen, L\u00f6ten, N\u00e4hen und k\u00f6nnen so schrittweise Basisfertigkeiten aufbauen, um ihr eigenes Projekt zu gestalten und umzusetzen. Die Erfahrungen aus NaWi werden hier somit weiterentwickelt. Zus\u00e4tzlich ist es so den Sch\u00fclerinnen und Sch\u00fclern m\u00f6glich, unabh\u00e4ngig vom Unterricht, an projektorientierten Wettbewerben teilzunehmen.<\/p>\n<div id='gallery-1' class='gallery galleryid-639 gallery-columns-3 gallery-size-thumbnail'><figure class='gallery-item'>\n\t\t\t<div class='gallery-icon portrait'>\n\t\t\t\t<a href='https:\/\/freiherr-vom-stein.de\/fbereich3\/maker-club\/holzanhaenger\/'><img loading=\"lazy\" decoding=\"async\" width=\"150\" height=\"150\" src=\"https:\/\/freiherr-vom-stein.de\/fbereich3\/files\/2020\/02\/Holzanh\u00e4nger-150x150.jpg\" class=\"attachment-thumbnail size-thumbnail\" alt=\"\" \/><\/a>\n\t\t\t<\/div><\/figure><figure class='gallery-item'>\n\t\t\t<div class='gallery-icon landscape'>\n\t\t\t\t<a href='https:\/\/freiherr-vom-stein.de\/fbereich3\/maker-club\/kugelbahn-2\/'><img loading=\"lazy\" decoding=\"async\" width=\"150\" height=\"150\" src=\"https:\/\/freiherr-vom-stein.de\/fbereich3\/files\/2020\/02\/Kugelbahn-1-150x150.jpg\" class=\"attachment-thumbnail size-thumbnail\" alt=\"\" \/><\/a>\n\t\t\t<\/div><\/figure><figure class='gallery-item'>\n\t\t\t<div class='gallery-icon portrait'>\n\t\t\t\t<a href='https:\/\/freiherr-vom-stein.de\/fbereich3\/maker-club\/solarmobilrennen-frankfurt-1\/'><img loading=\"lazy\" decoding=\"async\" width=\"150\" height=\"150\" src=\"https:\/\/freiherr-vom-stein.de\/fbereich3\/files\/2020\/02\/Solarmobilrennen-Frankfurt-1-150x150.jpg\" class=\"attachment-thumbnail size-thumbnail\" alt=\"\" \/><\/a>\n\t\t\t<\/div><\/figure><figure class='gallery-item'>\n\t\t\t<div class='gallery-icon landscape'>\n\t\t\t\t<a href='https:\/\/freiherr-vom-stein.de\/fbereich3\/maker-club\/solarmobilrennen-frankfurt-2\/'><img loading=\"lazy\" decoding=\"async\" width=\"150\" height=\"150\" src=\"https:\/\/freiherr-vom-stein.de\/fbereich3\/files\/2020\/02\/Solarmobilrennen-Frankfurt-2-150x150.jpg\" class=\"attachment-thumbnail size-thumbnail\" alt=\"\" \/><\/a>\n\t\t\t<\/div><\/figure><figure class='gallery-item'>\n\t\t\t<div class='gallery-icon portrait'>\n\t\t\t\t<a href='https:\/\/freiherr-vom-stein.de\/fbereich3\/maker-club\/vogelhaus\/'><img loading=\"lazy\" decoding=\"async\" width=\"150\" height=\"150\" src=\"https:\/\/freiherr-vom-stein.de\/fbereich3\/files\/2020\/02\/Vogelhaus-150x150.jpg\" class=\"attachment-thumbnail size-thumbnail\" alt=\"\" \/><\/a>\n\t\t\t<\/div><\/figure><figure class='gallery-item'>\n\t\t\t<div class='gallery-icon landscape'>\n\t\t\t\t<a href='https:\/\/freiherr-vom-stein.de\/fbereich3\/maker-club\/weihnachtsschmuck\/'><img loading=\"lazy\" decoding=\"async\" width=\"150\" height=\"150\" src=\"https:\/\/freiherr-vom-stein.de\/fbereich3\/files\/2020\/02\/Weihnachtsschmuck-150x150.jpg\" class=\"attachment-thumbnail size-thumbnail\" alt=\"\" \/><\/a>\n\t\t\t<\/div><\/figure><figure class='gallery-item'>\n\t\t\t<div class='gallery-icon landscape'>\n\t\t\t\t<a href='https:\/\/freiherr-vom-stein.de\/fbereich3\/maker-club\/wettbewerb-kugelbahn-1\/'><img loading=\"lazy\" decoding=\"async\" width=\"150\" height=\"150\" src=\"https:\/\/freiherr-vom-stein.de\/fbereich3\/files\/2020\/02\/Wettbewerb-Kugelbahn-1-150x150.jpg\" class=\"attachment-thumbnail size-thumbnail\" alt=\"\" \/><\/a>\n\t\t\t<\/div><\/figure><figure class='gallery-item'>\n\t\t\t<div class='gallery-icon portrait'>\n\t\t\t\t<a href='https:\/\/freiherr-vom-stein.de\/fbereich3\/maker-club\/wettbewerb-kugelbahn-2\/'><img loading=\"lazy\" decoding=\"async\" width=\"150\" height=\"150\" src=\"https:\/\/freiherr-vom-stein.de\/fbereich3\/files\/2020\/02\/Wettbewerb-Kugelbahn-2-150x150.jpg\" class=\"attachment-thumbnail size-thumbnail\" alt=\"\" \/><\/a>\n\t\t\t<\/div><\/figure>\n\t\t<\/div>\n\n","protected":false},"excerpt":{"rendered":"<p>Im Maker Club haben Sch\u00fclerinnen und Sch\u00fcler aus den Klassen 6 und 7 die M\u00f6glichkeit, eigene Projekte z.B. auf den Gebieten der Holzbearbeitung, Elektronik oder Modedesign umzusetzen. Dabei lernen unsere Maker alle Grundtechniken wie z.B. S\u00e4gen, Feilen, L\u00f6ten, N\u00e4hen und k\u00f6nnen so schrittweise Basisfertigkeiten aufbauen, um ihr eigenes Projekt zu gestalten und umzusetzen. Die Erfahrungen [&hellip;]<\/p>\n","protected":false},"author":1,"featured_media":0,"parent":0,"menu_order":0,"comment_status":"closed","ping_status":"closed","template":"","meta":{"ngg_post_thumbnail":0,"footnotes":""},"class_list":["post-639","page","type-page","status-publish","hentry"],"_links":{"self":[{"href":"https:\/\/freiherr-vom-stein.de\/fbereich3\/wp-json\/wp\/v2\/pages\/639","targetHints":{"allow":["GET"]}}],"collection":[{"href":"https:\/\/freiherr-vom-stein.de\/fbereich3\/wp-json\/wp\/v2\/pages"}],"about":[{"href":"https:\/\/freiherr-vom-stein.de\/fbereich3\/wp-json\/wp\/v2\/types\/page"}],"author":[{"embeddable":true,"href":"https:\/\/freiherr-vom-stein.de\/fbereich3\/wp-json\/wp\/v2\/users\/1"}],"replies":[{"embeddable":true,"href":"https:\/\/freiherr-vom-stein.de\/fbereich3\/wp-json\/wp\/v2\/comments?post=639"}],"version-history":[{"count":3,"href":"https:\/\/freiherr-vom-stein.de\/fbereich3\/wp-json\/wp\/v2\/pages\/639\/revisions"}],"predecessor-version":[{"id":676,"href":"https:\/\/freiherr-vom-stein.de\/fbereich3\/wp-json\/wp\/v2\/pages\/639\/revisions\/676"}],"wp:attachment":[{"href":"https:\/\/freiherr-vom-stein.de\/fbereich3\/wp-json\/wp\/v2\/media?parent=639"}],"curies":[{"name":"wp","href":"https:\/\/api.w.org\/{rel}","templated":true}]}}